{"id":217,"date":"2024-03-04T11:56:47","date_gmt":"2024-03-04T10:56:47","guid":{"rendered":"https:\/\/joannaosuch.com\/?page_id=217"},"modified":"2024-03-04T11:58:29","modified_gmt":"2024-03-04T10:58:29","slug":"harmonizacja-czakr","status":"publish","type":"page","link":"https:\/\/joannaosuch.com\/en\/chakra-harmonization\/","title":{"rendered":"Chakra harmonization"},"content":{"rendered":"<p>[et_pb_section fb_built=&#8221;1&#8243; _builder_version=&#8221;4.18.0&#8243; _module_preset=&#8221;default&#8221; background_image=&#8221;https:\/\/joannaosuch.com\/wp-content\/uploads\/2024\/02\/reiki-kurs.jpg&#8221; custom_padding=&#8221;100px||100px||true|false&#8221; global_colors_info=&#8221;{}&#8221;][et_pb_row _builder_version=&#8221;4.18.0&#8243; _module_preset=&#8221;default&#8221; global_colors_info=&#8221;{}&#8221;][et_pb_column type=&#8221;4_4&#8243; _builder_version=&#8221;4.18.0&#8243; _module_preset=&#8221;default&#8221; global_colors_info=&#8221;{}&#8221;][et_pb_text _builder_version=&#8221;4.18.0&#8243; _module_preset=&#8221;default&#8221; text_orientation=&#8221;center&#8221; hover_enabled=&#8221;0&#8243; global_colors_info=&#8221;{}&#8221; sticky_enabled=&#8221;0&#8243;]<\/p>\n<h1>Individual sessions<\/h1>\n<h2>Chakra harmonization<\/h2>\n<p>[\/et_pb_text][\/et_pb_column][\/et_pb_row][\/et_pb_section][et_pb_section fb_built=&#8221;1&#8243; _builder_version=&#8221;4.18.0&#8243; _module_preset=&#8221;default&#8221; global_colors_info=&#8221;{}&#8221;][et_pb_row _builder_version=&#8221;4.18.0&#8243; _module_preset=&#8221;default&#8221; global_colors_info=&#8221;{}&#8221;][et_pb_column type=&#8221;4_4&#8243; _builder_version=&#8221;4.18.0&#8243; _module_preset=&#8221;default&#8221; global_colors_info=&#8221;{}&#8221;][et_pb_text _builder_version=&#8221;4.18.0&#8243; _module_preset=&#8221;default&#8221; hover_enabled=&#8221;0&#8243; global_colors_info=&#8221;{}&#8221; sticky_enabled=&#8221;0&#8243;]Zapraszam Ci\u0119 serdecznie na sesj\u0119 harmonizacji czakr dzi\u0119ki kt\u00f3rej odzyskasz energi\u0119 jak i poprawisz swoje \u017cycie na wielu p\u0142aszczyznach.<\/p>\n<p>Czakry spe\u0142niaj\u0105 bardzo wa\u017cn\u0105 funkcj\u0119 w energetyce cz\u0142owieka. S\u0105 odpowiedzialne za wt\u0142oczenie \u017cyciowej energii do Twojego cia\u0142a i do poszczeg\u00f3lnych organ\u00f3w wewn\u0119trznych. Dlatego jest tak wa\u017cne aby dba\u0107 o ich kondycj\u0119. S\u0105 w ci\u0105g\u0142ym ruchu &#8211; przesuwaj\u0105 si\u0119, wiruj\u0105 i kr\u0119c\u0105. Gdy s\u0105 zabrudzone, prze\u0142adowane lub przymkni\u0119te powoduj\u0105 choroby, problemy oraz dysharmoni\u0119 cia\u0142a, umys\u0142u i ducha. Mo\u017cesz wtedy odczuwa\u0107 r\u00f3\u017cnego rodzaju niepowodzenia, np. brak mi\u0142o\u015bci, pieni\u0119dzy, problemy zdrowotne&#8230; Mo\u017cesz r\u00f3wnie\u017c nie czu\u0107 swojej intuicji czy np. rado\u015bci z \u017cycia. Ponad to mo\u017cesz czu\u0107 si\u0119 wyobcowana, smutna, nie chciana i nie kochana. Dodatkowo mo\u017cesz nie mie\u0107 si\u0142 do dzia\u0142ania, chowa\u0107 si\u0119 w domu i unika\u0107 swojej rodziny b\u0105d\u017a znajomych. [\/et_pb_text][\/et_pb_column][\/et_pb_row][et_pb_row column_structure=&#8221;1_2,1_2&#8243; make_equal=&#8221;on&#8221; _builder_version=&#8221;4.18.0&#8243; _module_preset=&#8221;default&#8221; custom_css_main_element=&#8221;align-items:center;&#8221; global_colors_info=&#8221;{}&#8221;][et_pb_column type=&#8221;1_2&#8243; _builder_version=&#8221;4.18.0&#8243; _module_preset=&#8221;default&#8221; global_colors_info=&#8221;{}&#8221;][et_pb_image src=&#8221;https:\/\/joannaosuch.com\/wp-content\/uploads\/2024\/03\/harmonizacja-czakr-scaled.jpg&#8221; title_text=&#8221;harmonizacja czakr&#8221; _builder_version=&#8221;4.18.0&#8243; _module_preset=&#8221;default&#8221; hover_enabled=&#8221;0&#8243; global_colors_info=&#8221;{}&#8221; sticky_enabled=&#8221;0&#8243;][\/et_pb_image][\/et_pb_column][et_pb_column type=&#8221;1_2&#8243; _builder_version=&#8221;4.18.0&#8243; _module_preset=&#8221;default&#8221; global_colors_info=&#8221;{}&#8221;][et_pb_text _builder_version=&#8221;4.18.0&#8243; _module_preset=&#8221;default&#8221; hover_enabled=&#8221;0&#8243; global_colors_info=&#8221;{}&#8221; sticky_enabled=&#8221;0&#8243;]Zr\u00f3wnowa\u017cone i harmonijnie dzia\u0142aj\u0105ce czakry usuwaj\u0105 strach, daj\u0105 poczucie bezpiecze\u0144stwa i otwieraj\u0105 na ludzi. Daj\u0105 wewn\u0119trzny spok\u00f3j, rozja\u015bniaj\u0105 umys\u0142 i pozwalaj\u0105 lepiej us\u0142ysze\u0107 intuicj\u0119. Sprawi\u0105, \u017ce wraca ochota do dzia\u0142ania i wewn\u0119trzna rado\u015b\u0107. Po prostu wszystko w \u017cyciu uk\u0142ada si\u0119 pomy\u015blnie a Ty sam czujesz si\u0119 wy\u015bmienicie.<\/p>\n<p>Ka\u017cda czakra odpowiada za inne emocje dlatego tak wa\u017cne jest \u017ceby co jaki\u015b czas je oczyszcza\u0107 i po prostu si\u0119 o nie zatroszczy\u0107. Je\u017celi chorujesz r\u00f3wnie\u017c powiniene\u015b si\u0119 zaj\u0105\u0107 swoimi czakrami gdy\u017c ka\u017cda z nich wp\u0142ywa bezpo\u015brednio na przypisane do niej organy.[\/et_pb_text][\/et_pb_column][\/et_pb_row][et_pb_row _builder_version=&#8221;4.18.0&#8243; _module_preset=&#8221;default&#8221; global_colors_info=&#8221;{}&#8221;][et_pb_column type=&#8221;4_4&#8243; _builder_version=&#8221;4.18.0&#8243; _module_preset=&#8221;default&#8221; global_colors_info=&#8221;{}&#8221;][et_pb_text _builder_version=&#8221;4.18.0&#8243; _module_preset=&#8221;default&#8221; hover_enabled=&#8221;0&#8243; global_colors_info=&#8221;{}&#8221; sticky_enabled=&#8221;0&#8243;]Je\u017celi czujesz, \u017ce powiniene\u015b zaopiekowa\u0107 si\u0119 swoimi czakrami albo, \u017ce utkn\u0105\u0142e\u015b w jakim\u015b miejscu a Twoje my\u015bli kr\u0105\u017c\u0105 ko\u0142o jednaj z nich to jest ten czas aby\u015b je oczy\u015bci\u0142.[\/et_pb_text][\/et_pb_column][\/et_pb_row][et_pb_row _builder_version=&#8221;4.18.0&#8243; _module_preset=&#8221;default&#8221; global_colors_info=&#8221;{}&#8221;][et_pb_column type=&#8221;4_4&#8243; _builder_version=&#8221;4.18.0&#8243; _module_preset=&#8221;default&#8221; global_colors_info=&#8221;{}&#8221;][et_pb_text _builder_version=&#8221;4.18.0&#8243; _module_preset=&#8221;default&#8221; text_orientation=&#8221;center&#8221; width=&#8221;70%&#8221; module_alignment=&#8221;center&#8221; hover_enabled=&#8221;0&#8243; global_colors_info=&#8221;{}&#8221; sticky_enabled=&#8221;0&#8243;]Czas sesji 1 godzina.<br \/>\nCena to \u00a355 lub 300z\u0142 p\u0142atne na konto bankowe przed sesj\u0105.<br \/>\nProsz\u0119 o podes\u0142anie potwierdzenia wp\u0142aty.[\/et_pb_text][\/et_pb_column][\/et_pb_row][et_pb_row _builder_version=&#8221;4.18.0&#8243; _module_preset=&#8221;default&#8221; global_module=&#8221;15&#8243; saved_tabs=&#8221;all&#8221; global_colors_info=&#8221;{}&#8221;][et_pb_column type=&#8221;4_4&#8243; _builder_version=&#8221;4.18.0&#8243; _module_preset=&#8221;default&#8221; global_colors_info=&#8221;{}&#8221;][et_pb_text _builder_version=&#8221;4.18.0&#8243; _module_preset=&#8221;default&#8221; text_orientation=&#8221;center&#8221; global_colors_info=&#8221;{}&#8221;]<\/p>\n<p><a href=\"https:\/\/joannaosuch.com\/en\/contact\/\" id=\"przycisk\">contact me<\/a><\/p>\n<p>[\/et_pb_text][\/et_pb_column][\/et_pb_row][\/et_pb_section]<\/p>","protected":false},"excerpt":{"rendered":"<p>Sesje indywidualne Harmonizacja czakrZapraszam Ci\u0119 serdecznie na sesj\u0119 harmonizacji czakr dzi\u0119ki kt\u00f3rej odzyskasz energi\u0119 jak i poprawisz swoje \u017cycie na wielu p\u0142aszczyznach. Czakry spe\u0142niaj\u0105 bardzo wa\u017cn\u0105 funkcj\u0119 w energetyce cz\u0142owieka. S\u0105 odpowiedzialne za wt\u0142oczenie \u017cyciowej energii do Twojego cia\u0142a i do poszczeg\u00f3lnych organ\u00f3w wewn\u0119trznych. Dlatego jest tak wa\u017cne aby dba\u0107 o ich kondycj\u0119. S\u0105 w [&hellip;]<\/p>","protected":false},"author":1,"featured_media":0,"parent":0,"menu_order":0,"comment_status":"closed","ping_status":"closed","template":"","meta":{"_et_pb_use_builder":"on","_et_pb_old_content":"","_et_gb_content_width":"","footnotes":""},"_links":{"self":[{"href":"https:\/\/joannaosuch.com\/en\/wp-json\/wp\/v2\/pages\/217"}],"collection":[{"href":"https:\/\/joannaosuch.com\/en\/wp-json\/wp\/v2\/pages"}],"about":[{"href":"https:\/\/joannaosuch.com\/en\/wp-json\/wp\/v2\/types\/page"}],"author":[{"embeddable":true,"href":"https:\/\/joannaosuch.com\/en\/wp-json\/wp\/v2\/users\/1"}],"replies":[{"embeddable":true,"href":"https:\/\/joannaosuch.com\/en\/wp-json\/wp\/v2\/comments?post=217"}],"version-history":[{"count":4,"href":"https:\/\/joannaosuch.com\/en\/wp-json\/wp\/v2\/pages\/217\/revisions"}],"predecessor-version":[{"id":222,"href":"https:\/\/joannaosuch.com\/en\/wp-json\/wp\/v2\/pages\/217\/revisions\/222"}],"wp:attachment":[{"href":"https:\/\/joannaosuch.com\/en\/wp-json\/wp\/v2\/media?parent=217"}],"curies":[{"name":"wp","href":"https:\/\/api.w.org\/{rel}","templated":true}]}}

<p>[et_pb_section fb_built=&#8221;1&#8243; _builder_version=&#8221;4.18.0&#8243; _module_preset=&#8221;default&#8221; background_image=&#8221;https://joannaosuch.com/wp-content/uploads/2024/02/reiki-kurs.jpg&#8221; custom_padding=&#8221;100px||100px||true|false&#8221; global_colors_info=&#8221;{}&#8221;][et_pb_row _builder_version=&#8221;4.18.0&#8243; _module_preset=&#8221;default&#8221; global_colors_info=&#8221;{}&#8221;][et_pb_column type=&#8221;4_4&#8243; _builder_version=&#8221;4.18.0&#8243; _module_preset=&#8221;default&#8221; global_colors_info=&#8221;{}&#8221;][et_pb_text _builder_version=&#8221;4.18.0&#8243; _module_preset=&#8221;default&#8221; text_orientation=&#8221;center&#8221; hover_enabled=&#8221;0&#8243; global_colors_info=&#8221;{}&#8221; sticky_enabled=&#8221;0&#8243;]</p>
<h1>Individual sessions</h1>
<h2>Chakra harmonization</h2>
<p>[/et_pb_text][/et_pb_column][/et_pb_row][/et_pb_section][et_pb_section fb_built=&#8221;1&#8243; _builder_version=&#8221;4.18.0&#8243; _module_preset=&#8221;default&#8221; global_colors_info=&#8221;{}&#8221;][et_pb_row _builder_version=&#8221;4.18.0&#8243; _module_preset=&#8221;default&#8221; global_colors_info=&#8221;{}&#8221;][et_pb_column type=&#8221;4_4&#8243; _builder_version=&#8221;4.18.0&#8243; _module_preset=&#8221;default&#8221; global_colors_info=&#8221;{}&#8221;][et_pb_text _builder_version=&#8221;4.18.0&#8243; _module_preset=&#8221;default&#8221; hover_enabled=&#8221;0&#8243; global_colors_info=&#8221;{}&#8221; sticky_enabled=&#8221;0&#8243;]Zapraszam Cię serdecznie na sesję harmonizacji czakr dzięki której odzyskasz energię jak i poprawisz swoje życie na wielu płaszczyznach.</p>
<p>Czakry spełniają bardzo ważną funkcję w energetyce człowieka. Są odpowiedzialne za wtłoczenie życiowej energii do Twojego ciała i do poszczególnych organów wewnętrznych. Dlatego jest tak ważne aby dbać o ich kondycję. Są w ciągłym ruchu &#8211; przesuwają się, wirują i kręcą. Gdy są zabrudzone, przeładowane lub przymknięte powodują choroby, problemy oraz dysharmonię ciała, umysłu i ducha. Możesz wtedy odczuwać różnego rodzaju niepowodzenia, np. brak miłości, pieniędzy, problemy zdrowotne&#8230; Możesz również nie czuć swojej intuicji czy np. radości z życia. Ponad to możesz czuć się wyobcowana, smutna, nie chciana i nie kochana. Dodatkowo możesz nie mieć sił do działania, chować się w domu i unikać swojej rodziny bądź znajomych. [/et_pb_text][/et_pb_column][/et_pb_row][et_pb_row column_structure=&#8221;1_2,1_2&#8243; make_equal=&#8221;on&#8221; _builder_version=&#8221;4.18.0&#8243; _module_preset=&#8221;default&#8221; custom_css_main_element=&#8221;align-items:center;&#8221; global_colors_info=&#8221;{}&#8221;][et_pb_column type=&#8221;1_2&#8243; _builder_version=&#8221;4.18.0&#8243; _module_preset=&#8221;default&#8221; global_colors_info=&#8221;{}&#8221;][et_pb_image src=&#8221;https://joannaosuch.com/wp-content/uploads/2024/03/harmonizacja-czakr-scaled.jpg&#8221; title_text=&#8221;harmonizacja czakr&#8221; _builder_version=&#8221;4.18.0&#8243; _module_preset=&#8221;default&#8221; hover_enabled=&#8221;0&#8243; global_colors_info=&#8221;{}&#8221; sticky_enabled=&#8221;0&#8243;][/et_pb_image][/et_pb_column][et_pb_column type=&#8221;1_2&#8243; _builder_version=&#8221;4.18.0&#8243; _module_preset=&#8221;default&#8221; global_colors_info=&#8221;{}&#8221;][et_pb_text _builder_version=&#8221;4.18.0&#8243; _module_preset=&#8221;default&#8221; hover_enabled=&#8221;0&#8243; global_colors_info=&#8221;{}&#8221; sticky_enabled=&#8221;0&#8243;]Zrównoważone i harmonijnie działające czakry usuwają strach, dają poczucie bezpieczeństwa i otwierają na ludzi. Dają wewnętrzny spokój, rozjaśniają umysł i pozwalają lepiej usłyszeć intuicję. Sprawią, że wraca ochota do działania i wewnętrzna radość. Po prostu wszystko w życiu układa się pomyślnie a Ty sam czujesz się wyśmienicie.</p>
<p>Każda czakra odpowiada za inne emocje dlatego tak ważne jest żeby co jakiś czas je oczyszczać i po prostu się o nie zatroszczyć. Jeżeli chorujesz również powinieneś się zająć swoimi czakrami gdyż każda z nich wpływa bezpośrednio na przypisane do niej organy.[/et_pb_text][/et_pb_column][/et_pb_row][et_pb_row _builder_version=&#8221;4.18.0&#8243; _module_preset=&#8221;default&#8221; global_colors_info=&#8221;{}&#8221;][et_pb_column type=&#8221;4_4&#8243; _builder_version=&#8221;4.18.0&#8243; _module_preset=&#8221;default&#8221; global_colors_info=&#8221;{}&#8221;][et_pb_text _builder_version=&#8221;4.18.0&#8243; _module_preset=&#8221;default&#8221; hover_enabled=&#8221;0&#8243; global_colors_info=&#8221;{}&#8221; sticky_enabled=&#8221;0&#8243;]Jeżeli czujesz, że powinieneś zaopiekować się swoimi czakrami albo, że utknąłeś w jakimś miejscu a Twoje myśli krążą koło jednaj z nich to jest ten czas abyś je oczyścił.[/et_pb_text][/et_pb_column][/et_pb_row][et_pb_row _builder_version=&#8221;4.18.0&#8243; _module_preset=&#8221;default&#8221; global_colors_info=&#8221;{}&#8221;][et_pb_column type=&#8221;4_4&#8243; _builder_version=&#8221;4.18.0&#8243; _module_preset=&#8221;default&#8221; global_colors_info=&#8221;{}&#8221;][et_pb_text _builder_version=&#8221;4.18.0&#8243; _module_preset=&#8221;default&#8221; text_orientation=&#8221;center&#8221; width=&#8221;70%&#8221; module_alignment=&#8221;center&#8221; hover_enabled=&#8221;0&#8243; global_colors_info=&#8221;{}&#8221; sticky_enabled=&#8221;0&#8243;]Czas sesji 1 godzina.<br />
Cena to £55 lub 300zł płatne na konto bankowe przed sesją.<br />
Proszę o podesłanie potwierdzenia wpłaty.[/et_pb_text][/et_pb_column][/et_pb_row][et_pb_row _builder_version=&#8221;4.18.0&#8243; _module_preset=&#8221;default&#8221; global_module=&#8221;15&#8243; saved_tabs=&#8221;all&#8221; global_colors_info=&#8221;{}&#8221;][et_pb_column type=&#8221;4_4&#8243; _builder_version=&#8221;4.18.0&#8243; _module_preset=&#8221;default&#8221; global_colors_info=&#8221;{}&#8221;][et_pb_text _builder_version=&#8221;4.18.0&#8243; _module_preset=&#8221;default&#8221; text_orientation=&#8221;center&#8221; global_colors_info=&#8221;{}&#8221;]</p>
<p><a href="https://joannaosuch.com/en/contact/" id="przycisk">contact me</a></p>
<p>[/et_pb_text][/et_pb_column][/et_pb_row][/et_pb_section]</p>

<p>Sesje indywidualne Harmonizacja czakrZapraszam Cię serdecznie na sesję harmonizacji czakr dzięki której odzyskasz energię jak i poprawisz swoje życie na wielu płaszczyznach. Czakry spełniają bardzo ważną funkcję w energetyce człowieka. Są odpowiedzialne za wtłoczenie życiowej energii do Twojego ciała i do poszczególnych organów wewnętrznych. Dlatego jest tak ważne aby dbać o ich kondycję. Są w [&hellip;]</p>
